00010010000 (base 2) to base 3.
10221221201
Convert -1011011000101111 (base 2) to base 11.
-3204a
Convert 3314232 (base 5) to base 4.
32001202
Convert 2402224213 (base 5) to base 4.
111000233122
Convert -5808b7 (base 12) to base 8.
-5304413
Convert 29a296 (base 16) to base 7.
32123045
What is -10110000100 (base 3) in base 11?
-46a42
Convert 2305322 (base 6) to base 13.
4183a
Convert 31104331 (base 5) to base 7.
2104461
What is -57899b (base 16) in base 2?
-10101111000100110011011
What is -12001210221 (base 3) in base 9?
-161727
Convert -427217 (base 12) to base 14.
-1d4511
Convert -15d60 (base 14) to base 10.
-54768
Convert 1001011101001111000 (base 2) to base 16.
4ba78
What is 12122110110002 (base 3) in base 12?
1008762
Convert -100303221012 (base 4) to base 6.
-234233210
What is -2dccb0 (base 14) in base 2?
-110001001001011111010
-5451243 (base 6) to base 7
-2206416
1b019b (base 14) to base 6
32331501
21301200200 (base 4) to base 15
359205
2210551 (base 6) to base 12
53a57
Convert 3de4 (base 15) to base 12.
7814
-31e87 (base 15) to base 5
-20033102
11111100010011001 (base 2) to base 7
1045416
Convert -11011111000011110100 (base 2) to base 3.
-1201102021222
What is -4dc23 (base 14) in base 9?
-321881
What is 180f0 (base 16) in base 9?
160153
Convert -80a7b (base 12) to base 9.
-274585
What is -521527 (base 9) in base 8?
-1134426
What is 13011021 (base 5) in base 4?
132231001
What is 234040 (base 8) in base 15?
18a1e
What is -10202303 (base 5) in base 14?
-22c23
420442 (base 5) to base 15
419c
What is 120301033012 (base 4) in base 7?
106122253
1216240 (base 7) to base 8
460310
What is -22112121110 (base 3) in base 4?
-221002302
What is 1100030 (base 7) in base 4?
200311031
-10223023 (base 4) to base 14
-6d99
-1805026 (base 10) to base 3
-10101201000211
What is 191431 (base 10) in base 2?
101110101111000111
What is 242ad8 (base 16) in base 9?
4412346
Convert -1122032011 (base 4) to base 15.
-74761
What is 1002221010100101 (base 3) in base 5?
13033000204
What is -37270427 (base 8) in base 6?
-452111543
612135 (base 7) to base 9
167600
What is -101111000111011001 (base 2) in base 15?
-3c2aa
What is -c24f5 (base 16) in base 5?
-200432033
What is df17 (base 16) in base 5?
3311421
Convert -102512501 (base 6) to base 13.
-4b6709
What is 77ab7 (base 13) in base 3?
102000212110
Convert -144128 (base 10) to base 13.
-507aa
-10a90a2 (base 11) to base 3
-10122001112210
62712 (base 8) to base 11
1863a
Convert 342555550 (base 6) to base 16.
601bba
Convert 14a95 (base 15) to base 5.
4112030
What is -323122310 (base 5) in base 4?
-11100311321
Convert b343b3 (base 13) to base 11.
23a5007
5e99d (base 15) to base 6
10252404
194004 (base 10) to base 7
1435416
65098 (base 12) to base 5
13230142
Convert 200a0 (base 15) to base 3.
12011002120
8676303 (base 9) to base 11
26a0443
What is 10a3629 (base 11) in base 13?
524208
What is 1001010222211 (base 3) in base 8?
2072063
53717 (base 12) to base 5
12004031
What is -72294 (base 11) in base 10?
-105494
What is -1300123121 (base 6) in base 8?
-71552071
-2ae478 (base 15) to base 8
-7721257
-106a5 (base 11) to base 4
-3301322
-1d1714 (base 14) to base 5
-231310431
What is -158221 (base 12) in base 11?
-230518
Convert -193569 (base 12) to base 13.
-125c10
1110111001000101 (base 2) to base 12
2b371
305044522 (base 6) to base 12
1926742
What is -17221442 (base 8) in base 2?
-1111010010001100100010
What is -40401345 (base 6) in base 15?
-17b16b
Convert -70705 (base 11) to base 16.
-193ab
What is 1101101001 (base 2) in base 7?
2355
-10337023 (base 9) to base 11
-28a5279
-83872 (base 9) to base 4
-31201130
What is -442302222 (base 5) in base 9?
-3540148
-1200241 (base 5) to base 7
-120661
Convert -305683 (base 9) to base 11.
-114287
Convert -805086 (base 12) to base 13.
-55009b
Convert -150aa (base 15) to base 10.
-67660
1632443 (base 12) to base 6
241230523
-10162245 (base 8) to base 5
-1022440220
What is -2c2fdc (base 16) in base 7?
-33420446
-163650 (base 8) to base 10
-59304
What is -8318b7 (base 13) in base 9?
-5673135
Convert -121221001201 (base 3) to base 9.
-557051
Convert 1276529 (base 11) to base 7.
24511623
Convert 12100202301 (base 4) to base 3.
10002100111220
What is -10011010010111 (base 2) in base 11?
-7471
What is 42220712 (base 8) in base 9?
17816856
Convert 46927 (base 11) to base 7.
401166
What is 1001001011101101010 (base 2) in base 7?
2362164
101234204 (base 6) to base 10
1746652
Convert 11536535 (base 7) to base 16.
fca07
Convert 155439 (base 12) to base 5.
43034043
Convert -150388 (base 10) to base 14.
-3cb40
351052 (base 12) to base 13
23aa2b
Convert 221012112210200 (base 3) to base 8.
63062437
-1010010000101010110010 (base 2) to base 5
-1142032324
What is 433503 (base 10) in base 4?
1221311133
Convert -127137 (base 16) to base 2.
-100100111000100110111
Convert -8a3689 (base 11) to base 15.
-1d6859
What is -14319 (base 10) in base 5?
-424234
What is -5453625 (base 7) in base 14?
-135a4c
Convert -80248 (base 11) to base 7.
-666224
What is -3152256 (base 8) in base 4?
-3031102232
-341907 (base 10) to base 9
-571006
178293 (base 12) to base 7
3320052
What is -5c769c (base 15) in base 4?
-100321122321
22270f (base 16) to base 13
6049c0
Convert -12785 (base 15) to base 11.
-40425
What is -1022030202 (base 4) in base 10?
-303906
What is -110011001011010111000 (base 2) in base 8?
-6313270
-219526 (base 14) to base 12
-46b712
-145152 (base 6) to base 13
-6563
-322142244 (base 5) to base 3
-2120100212120
Convert -41c49 (base 16) to base 2.
-1000001110001001001
Convert -42230 (base 11) to base 16.
-f03d
Convert 100301012320 (base 4) to base 15.
5bc54d
What is 4545305 (base 6) in base 3?
102210002012
Convert -1983296 (base 11) to base 9.
-6254025
-296049 (base 11) to base 7
-3632451
Convert 2733035 (base 8) to base 5.
144030032
What is 120101133 (base 4) in base 5?
11140143
Convert -1365c (base 13) to base 12.
-18b83
What is -110121121100 (base 3) in base 5?
-30421201
Convert 273488 (base 11) to base 8.
1506152
Convert -34434023 (base 5) to base 3.
-120211122210
Convert -54225223 (base 6) to base 15.
-21ab10
1753a2 (base 11) to base 14
708d6
Convert -11abd92 (base 16) to base 9.
-37771845
Convert -3fa64 (base 16) to base 8.
-775144
2b8472 (base 14) to base 8
5632644
-1051254 (base 6) to base 5
-3202313
What is 404673 (base 8) in base 12?
65363
What is -7e10e (base 16) in base 8?
-1760416
Convert 176b76 (base 13) to base 6.
20322342
What is 1471033 (base 8) in base 15?
8526c
143263 (base 10) to base 3
21021112001
Convert -121200011200212 (base 3) to base 7.
-135213110
56230466 (base 7) to base 3
100011011001222
-10d12 (base 14) to base 3
-2002012210
What is 1124021434 (base 5) in base 4?
21301332122
Convert 339bf9 (base 16) to base 8.
14715771
What is -40141424 (base 5) in base 7?
-2464114
Convert -a899 (base 14) to base 15.
-897d
Convert 1141363 (base 8) to base 11.
1a34a3
What is 30200122231 (base 4) in base 16?
3206ad
Convert 410b (base 15) to base 13.
6338
534052 (base 7) to base 16
169e7
Convert -680882 (base 13) to base 16.
-258068
Convert 222133103 (base 4) to base 15.
36875
What is -118818d (base 14) in base 9?
-16717416
Convert -12322334 (base 5) to base 15.
-259ce
145022 (base 9) to base 4
111231332
-11002220213 (base 4) to base 10
-1321511
55387 (base 9) to base 12
19344
What is -1572462 (base 10) in base 4?
-11333321232
-440210 (base 7) to base 13
-29033
What is -2524502 (base 7) in base 9?
-545758
-1092051 (base 13) to base 4
-103122100332
-2103324031 (base 5) to base 6
-233201311
Convert -1301530 (base 6) to base 13.
-26073
-1011100000011010010111 (base 2) to base 8
-13403227
Convert -102211210102112 (base 3) to base 5.
-3102410442
Convert -a714b (base 13) to base 3.
-120022012100
Convert -64424 (base 11) to base 3.
-11202111122
What is -371421 (base 8) in base 13?
-461ca
1001201122022 (base 3) to base 12
233282
c8c7c3 (base 13) to base 11
2728a83
Convert -221440330 (base 5) to base 8.
-3543027
Convert -358794 (base 10) to base 13.
-c7407
Convert -32649 (base 10) to base 14.
-bc81
What is 69055 (base 13) in base 3?
100201021211
Convert 4535 (base 11) to base 8.
13517
Convert -856c7a (base 14) to base 11.
-260314a
Convert 202342 (base 7) to base 10.
34477
Convert 169a5 (base 11) to base 7.
126323
1